{"id":53,"date":"2024-09-18T16:25:25","date_gmt":"2024-09-18T14:25:25","guid":{"rendered":"https:\/\/lislecitoyenne.fr\/?page_id=53"},"modified":"2025-05-19T19:21:22","modified_gmt":"2025-05-19T17:21:22","slug":"le-collectif","status":"publish","type":"page","link":"https:\/\/lislecitoyenne.fr\/index.php\/le-collectif\/","title":{"rendered":"Le collectif"},"content":{"rendered":"\n<p>Depuis 2022, des habitants et habitantes de Lisle sur Tarn se r\u00e9unissent dans l&rsquo;optique de former un collectif citoyen qui s&rsquo;engage \u00e0 fa\u00e7onner l&rsquo;avenir de notre commune.<\/p>\n\n\n\n<p>Le c\u0153ur de notre projet repose sur la conviction que chaque personne vivant \u00e0 Lisle sur Tarn devrait pouvoir contribuer \u00e0 l&rsquo;organisation de ce territoire, \u00e0 son d\u00e9veloppement et \u00e0 son hospitalit\u00e9.<\/p>\n\n\n\n<p>Nous croyons que tout le monde est capable d&rsquo;agir dans l\u2019int\u00e9r\u00eat collectif et de faire preuve d&rsquo;ing\u00e9niosit\u00e9 pour trouver des solutions sur lesquelles tout le monde puisse s&rsquo;accorder.&nbsp;&nbsp;<\/p>\n\n\n\n<p>Nous pensons que la diversit\u00e9 sociale, g\u00e9n\u00e9rationnelle et culturelle est une force qui peut nous aider \u00e0 am\u00e9liorer notre quotidien et notre environnement.<\/p>\n\n\n\n<p>Pour notre collectif, le renouvellement politique signifie laisser moins de place aux partis, pour \u00eatre plus ouverts. Nous esp\u00e9rons que notre projet soit plus fort que les diff\u00e9rences ou oppositions de partis, les diff\u00e9rences ou oppositions d\u2019\u00e2ges, les diff\u00e9rences ou oppositions sociales\u2026<\/p>\n\n\n\n<p>Nous voulons soutenir une organisation harmonieuse au sein de notre village, articulant un centre ville historique revitalis\u00e9, les espaces urbains, p\u00e9riph\u00e9riques et ruraux, tous int\u00e9gr\u00e9s au d\u00e9veloppement \u00e9conomique durable de notre village.&nbsp;<\/p>\n\n\n\n<p>Par exemple, nous souhaitons :<\/p>\n\n\n\n<ul class=\"wp-block-list\">\n<li>contribuer \u00e0 revitaliser les commerces du centre-ville ;<\/li>\n\n\n\n<li>participer \u00e0 la transformation de l\u2019agro-industrie en productions bio locales ;<\/li>\n\n\n\n<li>encourager les circuits courts ;<\/li>\n\n\n\n<li>d\u00e9velopper les d\u00e9placements doux et des modes de transports publics et collectifs partag\u00e9s en garantissant une meilleure r\u00e9partition sur le territoire ;<\/li>\n\n\n\n<li>s\u2019engager dans la vie culturelle et sociale ;<\/li>\n\n\n\n<li>se former, cr\u00e9er, inventer, accueillir\u2026<\/li>\n<\/ul>\n\n\n\n<p>Nous nous engageons \u00e0 rendre compte de notre action en la pr\u00e9sentant sous la forme de fiches projets et en l\u2019\u00e9valuant \u00e0 partir de crit\u00e8res d\u00e9termin\u00e9s collectivement et sous forme participative.<\/p>\n\n\n\n<p>Chacun\u00b7e a sa place dans le projet, quelle que soit son exp\u00e9rience, ses comp\u00e9tences. Les expert\u00b7e\u00b7s comme les novices sont bienvenu\u00b7e\u00b7s, et sont \u00e0 \u00e9galit\u00e9 !<br>Du coup, \u00e0 l\u2019entr\u00e9e d\u2019un Collectif, chacun\u00b7e pose sa carte de parti, ses casquettes associatives, ses mandats d\u2019\u00e9lu\u00b7e : on est Lislois\u00b7e engag\u00e9\u00b7e, avec son exp\u00e9rience, ses connaissances, mais c\u2019est tout ce qu\u2019on d\u00e9fend.<\/p>\n\n\n\n<div class=\"wp-block-buttons is-layout-flex wp-block-buttons-is-layout-flex\">\n<div class=\"wp-block-button\"><a class=\"wp-block-button__link wp-element-button\" href=\"https:\/\/lislecitoyenne.fr\/index.php\/contact\/\">Rejoignez-nous<\/a><\/div>\n<\/div>\n\n\n\n<h2 class=\"wp-block-heading\">Pourquoi ?<\/h2>\n\n\n\n<p>Beaucoup de gens font le constat que la vie d\u00e9mocratique est pauvre dans notre village, que nous sommes tr\u00e8s peu consult\u00e9\u00b7es, que quand on l&rsquo;est, on ne tient pas compte de nos avis et que l&rsquo;on appelle \u00ab\u00a0consultation\u00a0\u00bb des pr\u00e9sentations de projets d\u00e9j\u00e0 ficel\u00e9s.<\/p>\n\n\n\n<p>La confrontation constante entre les deux personnalit\u00e9s politiques de la commune ne permettent pas de se concentrer sur des discussions portant sur le fond des sujets et les d\u00e9saccords sont souvent vus comme des sources de complication et de contretemps.<\/p>\n\n\n\n<p>Nous sommes nombreux et nombreuses \u00e0 avoir envie de faire de la politique diff\u00e9remment, \u00e0 penser que les d\u00e9saccords permettent de nourrir le d\u00e9bat, qu&rsquo;il faut \u00e9couter les voix dissonantes et comprendre pourquoi elles se font entendre. C&rsquo;est ce qui permet de construire une solution plus forte et prenant en compte la diversit\u00e9 des opinions tant qu&rsquo;elles sont dans le respect des valeurs de tol\u00e9rance et d&rsquo;ouverture.<\/p>\n\n\n\n<p>Nous avons mont\u00e9 un collectif de personnes travaillant ensemble \u00e0 cet objectif et nous avons commenc\u00e9 par d\u00e9finir nos valeurs et comment nous voulions travailler ensemble.<\/p>\n\n\n\n<h2 class=\"wp-block-heading\">Les principes<\/h2>\n\n\n\n<h3 class=\"wp-block-heading\">Int\u00e9grit\u00e9 et transparence<\/h3>\n\n\n\n<p>Nous rejetons fermement toute forme de corruption et valorisons la libre expression. Nous favorisons un environnement d&rsquo;\u00e9changes respectueux, o\u00f9 chaque id\u00e9e est accueillie avec bienveillance et o\u00f9 l&rsquo;information est transparente et v\u00e9rifiable.<\/p>\n\n\n\n<h3 class=\"wp-block-heading\">Intelligence collective et coop\u00e9ration<\/h3>\n\n\n\n<p>Nous croyons en la synergie des savoirs et des exp\u00e9riences, et nous travaillons en collaboration avec tous les acteurs impliqu\u00e9s. La prise de d\u00e9cision au sein de notre collectif est \u00e9quitable et participative, favorisant ainsi l&rsquo;entraide, la solidarit\u00e9 et la r\u00e9solution constructive des conflits.<\/p>\n\n\n\n<h3 class=\"wp-block-heading\">Justice sociale et \u00e9cologie<\/h3>\n\n\n\n<p>Notre action est guid\u00e9e par la promotion de la justice sociale et de l&rsquo;\u00e9cologie, en tenant compte des enjeux climatiques et sociaux cruciaux. Ensemble, nous aspirons \u00e0 construire un monde plus juste et durable, o\u00f9 la dignit\u00e9 de chaque individu est respect\u00e9e et o\u00f9 la coop\u00e9ration est une force motrice de changement pour les g\u00e9n\u00e9rations pr\u00e9sentes et futures.<\/p>\n\n\n\n<h2 class=\"wp-block-heading\">Historique<\/h2>\n\n\n\n<p>Dans quelle vision de la d\u00e9mocratie les listes et communes participatives s\u2019inscrivent-elles ?<\/p>\n\n\n\n<p>Les listes citoyennes et participatives, les collectifs d\u2019habitant\u00b7es qui les ont pr\u00e9c\u00e9d\u00e9es ou leur ont subsist\u00e9, tout comme les communes participatives, font progressivement mouvement en France depuis 2014 et plus particuli\u00e8rement depuis 2020.<br><br>Elles se retrouvent pour \u00e9changer, s\u2019entraider, s\u2019inspirer et se relier au sein du jeune r\u00e9seau <a href=\"https:\/\/www.actionscommunes.org\/\">Actions Communes<\/a>. <br><br>Si elles ne parlent pas d\u2019une seule et m\u00eame voix, elles ont men\u00e9 un travail autour de leur raison d\u2019\u00eatre qui permet de pr\u00e9ciser leur relation et leur ambition \u00e0 la d\u00e9mocratie. <br>Derri\u00e8re l\u2019appellation \u00ab listes citoyennes et participatives \u00bb, les collectifs d\u2019habitant\u00b7es et les communes participatives qui les portent, reconnaissent <\/p>\n\n\n\n<blockquote class=\"wp-block-quote is-layout-flow wp-block-quote-is-layout-flow\">\n<p>\u00ab le principe que l\u2019animation de la d\u00e9mocratie locale est un projet politique radical, c\u2019est-\u00e0-dire qui porte le souhait de revenir aux racines de la d\u00e9mocratie et du pouvoir partag\u00e9 [\u2026] affirm[ent] que la d\u00e9mocratie est un id\u00e9al politique qui concr\u00e9tise l\u2019\u00e9galit\u00e9 entre les personnes sans distinction de genre, de religion ou de statut social. [\u2026] consid\u00e8[rent] les citoyennes et les citoyens [\u2026] comme des acteur\u00b7rices dot\u00e9\u00b7es du pouvoir d\u2019agir et constituant la seule source de l\u00e9gitimit\u00e9 des d\u00e9cisions publiques. [\u2026] reconnaiss[ent] diff\u00e9rents niveaux de participation tout en privil\u00e9giant la co-construction et la co-d\u00e9cision pour favoriser le d\u00e9bat d\u2019id\u00e9es aux rapports de force \u00bb<br><\/p>\n<\/blockquote>\n\n\n\n<p>La coop\u00e9rative Fr\u00e9quence Commune, qui accompagne l\u2019organisation et la d\u00e9lib\u00e9ration d\u00e9mocratique au sein de communes participatives, a tent\u00e9, elle aussi, de pr\u00e9ciser quelle \u00e9tait sa vision de la d\u00e9mocratie. <br>En \u00e9cho et en soutien aux constats dress\u00e9s par Manon Loisel et Nicolas Rio dans leur ouvrage Faut-il en finir avec la d\u00e9mocratie participative ? la coop\u00e9rative s\u2019est exprim\u00e9e sur l\u2019importance de nommer les insuffisances d\u2019une d\u00e9mocratie participative et d&rsquo;\u0153uvrer en faveur d\u2019une d\u00e9mocratie d\u00e9lib\u00e9rative.<\/p>\n\n\n\n<p>\u00c0 la faveur des exp\u00e9rimentations en cours dans les communes participatives et du d\u00e9bat public sur la d\u00e9mocratie en France, le mouvement des communes participatives navigue aujourd\u2019hui dans des vocabulaires, des ambitions et des visions qui tour \u00e0 tour empruntent \u00e0 la d\u00e9mocratie participative, \u00e0 la d\u00e9mocratie d\u00e9lib\u00e9rative, \u00e0 la d\u00e9mocratie d\u2019interpellation et \u00e0 la d\u00e9mocratie directe. <br>Si le d\u00e9bat n\u2019est pas tranch\u00e9 (et si les communes participatives ne cherchent d\u2019ailleurs pas forc\u00e9ment \u00e0 le faire), il dit tout de m\u00eame un peu de la couleur de ce mouvement qui cherche et s\u2019oblige \u00e0 remettre les habitant\u00b7es au c\u0153ur des d\u00e9cisions qui les concernent.<\/p>\n","protected":false},"excerpt":{"rendered":"<p>Depuis 2022, des habitants et habitantes de Lisle sur Tarn se r\u00e9unissent dans l&rsquo;optique de former un collectif citoyen qui s&rsquo;engage \u00e0 fa\u00e7onner l&rsquo;avenir de notre commune. Le c\u0153ur de [&hellip;]<\/p>\n","protected":false},"author":1,"featured_media":0,"parent":0,"menu_order":0,"comment_status":"closed","ping_status":"closed","template":"","meta":{"footnotes":""},"class_list":["post-53","page","type-page","status-publish","hentry"],"_links":{"self":[{"href":"https:\/\/lislecitoyenne.fr\/index.php\/wp-json\/wp\/v2\/pages\/53","targetHints":{"allow":["GET"]}}],"collection":[{"href":"https:\/\/lislecitoyenne.fr\/index.php\/wp-json\/wp\/v2\/pages"}],"about":[{"href":"https:\/\/lislecitoyenne.fr\/index.php\/wp-json\/wp\/v2\/types\/page"}],"author":[{"embeddable":true,"href":"https:\/\/lislecitoyenne.fr\/index.php\/wp-json\/wp\/v2\/users\/1"}],"replies":[{"embeddable":true,"href":"https:\/\/lislecitoyenne.fr\/index.php\/wp-json\/wp\/v2\/comments?post=53"}],"version-history":[{"count":8,"href":"https:\/\/lislecitoyenne.fr\/index.php\/wp-json\/wp\/v2\/pages\/53\/revisions"}],"predecessor-version":[{"id":176,"href":"https:\/\/lislecitoyenne.fr\/index.php\/wp-json\/wp\/v2\/pages\/53\/revisions\/176"}],"wp:attachment":[{"href":"https:\/\/lislecitoyenne.fr\/index.php\/wp-json\/wp\/v2\/media?parent=53"}],"curies":[{"name":"wp","href":"https:\/\/api.w.org\/{rel}","templated":true}]}}